(-12)/54 + 4484/9. Suppose t - i = -t + 4*y, 534 = 2*t + 5*y. Is t composite?
False
Suppose 0 = -4*d - d + 815. Is d composite?
False
Let o(s) = -s**3 + 4*s**2 - 3*s + 1. Let z be o(2). Let i(a) = 13*a**2 + 3*a + 1. Is i(z) composite?
False
Suppose -3*k = 4*h + 21, 3*h + 29 = -h + 5*k. Is (-98)/(h/(-2 + 5)) prime?
False
Suppose 3 = -x - 2*x. Is (x/(-2))/((-6)/(-5364)) prime?
False
Let u(g) = 32*g - 4. Let l(c) = 33*c - 4. Let i(d) = 5*l(d) - 6*u(d). Is i(-3) a prime number?
False
Is (1 + -5 - 3690)/(-2) a composite number?
False
Is (-4 + 2)*274/4*-5 composite?
True
Suppose -2*h - 2*h = -20. Suppose 2*n + h*a + 24 = 90, 2*a - 8 = 0. Is n a composite number?
False
Let f = -6 + 8. Is (3 - f)/((-2)/(-134)) prime?
True
Let j be -7*(0 + (-450)/21). Suppose -j = -2*d - f + 6, 2*d - 164 = -5*f. Is d a prime number?
False
Let o = -2009 - -2939. Suppose -5*z + o = -355. Is z a composite number?
False
Let h = -334 - -819. Is h a composite number?
True
Let o(i) = -i**3 + 9*i**2 - 9*i + 8. Let r be o(8). Suppose h - 4*w - 463 = r, 3*w = 3*h - 1727 + 383. Is h composite?
False
Let b(y) be the first derivative of -y**6/360 + y**5/12 - y**4/8 - 2*y**3/3 + 1. Let c(f) be the third derivative of b(f). Is c(8) prime?
True
Let w be 712/(-12) + (-2)/3. Let n = w + 191. Is n composite?
False
Let r = -11 - -6. Let k = -3 - r. Is k composite?
False
Let f be (-7)/(-14) - (-1)/(-2). Suppose -5*o + 2*n = -f*n - 645, -2*o - n + 249 = 0. Is o composite?
False
Let p(h) = 22*h**2 + 8*h - 3. Is p(-4) a prime number?
True
Let m(x) = -14*x - 17. Is m(-5) a prime number?
True
Let r be ((-5)/(-4))/(1/4). Suppose -v + 0*v - 2*w + 297 = 0, r*w - 15 = 0. Is v a prime number?
False
Suppose h + 2*d - 9 = 0, 0 = -2*h + 3*h - 5*d + 12. Is 2 - h - (1 + -55) composite?
False
Let b be 17/4 - 2/8. Suppose -90 = -3*y - 3*r, 95 = 3*y + b*r - 2*r. Is y composite?
True
Let b = -2 - -14. Suppose -b*r + 364 = -8*r. Is r prime?
False
Let v be (-4)/(-18) - (-175)/63. Suppose -v*t = -1324 - 545. Is t a composite number?
True
Let z(a) = -45*a**3 + 2*a**2 + a. Let k be z(-1). Suppose 49 = -5*d - i, 4*d + 5*i = 11 - k. Is 22/5 + 4/d composite?
True
Let r(o) be the second derivative of 23*o**4/12 - o**3/2 + 3*o**2/2 - o. Suppose 0*x = -3*d + 2*x - 4, 4*d = -4*x + 28. Is r(d) a prime number?
True
Let j(d) = d**3 + 5*d**2 + 4*d - 1. Let y be j(-4). Let p = 1 - y. Is p composite?
False
Let d(b) = -b**2 + 6*b - 1. Let g be d(4). Suppose -s + 0*s + g = 0. Is s a prime number?
True
Let z = 68 - -59. Is z prime?
True
Suppose -k = -0*k - 311. Is k a composite number?
False
Let f = 8 - 3. Suppose -8*h + 3*h = -80. Suppose -3*r + 4*p = -186, -f*p + 1 = h. Is r a composite number?
True
Let q(k) be the first derivative of k**5/60 + k**4/24 + 7*k**3/6 + 3*k**2/2 + 3. Let w(x) be the second derivative of q(x). Is w(5) prime?
True
Suppose 5*u + 15 = -0*u, 3173 = 4*r - 3*u. Is r a prime number?
False
Suppose -t + 3 = -0. Suppose -388 = -p + t*x - 2*x, p - 3*x - 386 = 0. Is p prime?
True
Let o be -3*((-10)/6 - -2). Let m be o/(3 - (-15)/(-6)). Is m/(-8) - 75/(-4) a prime number?
True
Suppose 0 = 3*m - 9. Let p(f) = 2*f - 7. Let q be p(6). Suppose -k = -q*o + 436 - 9, -3*o = -m*k - 261. Is o composite?
True
Let c be 2/(-10) - (-4)/20. Let u(y) = y**2 - y + 39. Is u(c) prime?
False
Suppose -y + 305 = -0*y - 4*l, -4*l = 5*y - 1453. Is y a prime number?
True
Let m be 7 - 1/(3/6). Suppose m*d + 5 = 3*x + 2*x, -4 = -x. Is d a prime number?
True
Let q = -11 - -25. Let i be 46/q - (-6)/(-21). Is ((-111)/(-6))/(i/6) composite?
False
Is 2/(-8)*(1 + -1817) a composite number?
True
Let m(l) = l + 1. Let y be m(3). Suppose -7*s + 4*s + 2*g + 140 = 0, -y*g = -s + 60. Let z = -5 + s. Is z a composite number?
True
Suppose 0 = -2*d - 4*k + 14, -d - 5*k + 16 = d. Suppose 6 = -0*r + d*r. Is (39 - r) + (-1 - 1) prime?
False
Let b = -63 + -208. Let y = -156 - b. Is y a prime number?
False
Suppose 4*c - 248 = -3*n, -252 = -3*c + 3*n - 66. Is c a composite number?
True
Let z = 2 + -4. Let g be (2 - (-6)/z) + 4. Suppose l - 5*v = 6*l - 50, 0 = 2*l + g*v - 20. Is l a composite number?
True
Suppose -n = 41 + 108. Let v = -449 - -725. Let s = v + n. Is s composite?
False
Is ((-63)/12)/((-5)/440) - -1 composite?
False
Let k = 1404 - -1315. Let n = -1832 + k. Is n prime?
True
Let a(t) = 2*t**3 - t**2 + 6. Let o(l) = 2*l**3 - l**2 + 5. Suppose 0 = -5*w - y - 11, 3*w + w + 32 = 5*y. Let d(i) = w*a(i) + 4*o(i). Is d(2) prime?
False
Let b = 3 + 0. Suppose 3*o - 8*o - b*p = -177, -3*o - 3*p + 111 = 0. Is o a prime number?
False
Suppose o + 0*o - f - 64 = 0, 0 = 2*o - f - 129. Is o a composite number?
True
Let t = 1 + 2. Let c = t - -1. Is 23 + (4/2 - c) a composite number?
True
Suppose 7*a - 19485 = 2*a. Let o be a/4 - 12/(-16). Is (-1)/2 - o/(-10) a prime number?
True
Let q(g) = 37*g**2 + g + 1. Is q(-1) a composite number?
False
Let h = 71 + 228. Is h prime?
False
Suppose 29 = 5*b + 2*r, -3*b = -4*r - 3 - 4. Suppose 0*i + 3*i = 4*w - 81, b*i = -3*w + 68. Let a = 98 - w. Is a a composite number?
True
Let k be 0 - (-3 - -1) - -1. Suppose -k*m = -m + 10. Is (2/(-4))/(m/260) a prime number?
False
Suppose -3*f = -2*k + 1975, 2*k = -0*k + f + 1985. Is k composite?
True
Is (-4)/(8/2) - (6 - 173) a composite number?
True
Let w(c) = c + 2. Let b be w(3). Suppose i = b*i - 148. Is i a prime number?
True
Suppose -3*w = 2*w - 60. Suppose 0 = -t + 5*y - w, -2*y + 9 = -2*t + 3*y. Suppose -t*z - c = -265, 3*z - z - 162 = 3*c. Is z composite?
True
Let v = 598 + -329. Is v a prime number?
True
Let t(a) = 2*a**2 - 8*a + 1. Let u be t(-7). Suppose 5*v = 580 - u. Is v prime?
False
Suppose r - 414 = -r. Suppose -3*t - 8 = 1, -t = 3*a - r. Suppose -6*s + s + a = 0. Is s prime?
False
Suppose 0 = 4*c - 10576 + 2820. Is c composite?
True
Suppose -g - 3*m + 459 + 161 = 0, 4*m - 8 = 0. Is g prime?
False
Suppose -3*x + 806 = 2*m, -4*m - 4*x + 3*x + 1632 = 0. Is m composite?
False
Suppose 4*p - 2588 = -0*p. Is p composite?
False
Let j = 27 - 10. Let h = j + -14. Is h a prime number?
True
Suppose w + 4*m = -4*w + 1277, m = -5*w + 1283. Is w prime?
True
Let u = 3636 - 2127. Is u a prime number?
False
Suppose 0 = 5*p + s + 154, p + 0*p + 3*s + 42 = 0. Let j = p - -67. Is j a prime number?
True
Suppose 3*i = -i + 332. Is i a prime number?
True
Let g = 41 + 31. Suppose 43 = j - g. Is j a composite number?
True
Let s = -4 + 3. Let m be 10*(-13)/s*1. Suppose 0 = -b + 5*x - 4, -2*x - m + 35 = -5*b. Is b a composite number?
True
Suppose -7*z + 709 + 313 = 0. Is z a prime number?
False
Let z = 3 + -5. Let r(o) = 4*o**2 + 2*o + 1. Is r(z) prime?
True
Suppose -4*l = -2*w + 98, -2*w = 3*w - 2*l - 221. Let u = w + -24. Is u composite?
False
Suppose -2*s + 20 = 3*s. Suppose -3*d - 16 = -s. Is ((-158)/(-4))/(d/(-8)) a prime number?
True
Let a = -24 + 28. Is (1 + -3)*(-370)/a a prime number?
False
Suppose -4*q = -3*u + 1643, 3*q + 716 = 2*u - 378. Is u a composite number?
True
Suppose -4 = 2*t + 8. Is t/(-4)*106/3 a composite number?
False
Let l = 147 + 704. Is l a prime number?
False
Let m = -520 + 339. Let w = m - -274. Is w composite?
True
Let s(a) = 30*a**2 + 6*a - 1. Is s(-6) a prime number?
False
Suppose 0 = -3*d + 2*q, 3*d + q + 7 = d. Let c be d - (10*-22)/1. Suppose -2*o + 4*j + c = 44, 0 = -3*o + 4*j + 251. Is o a composite number?
True
Suppose -3*u - 3*g + 81 = 0, -2*g - 24 - 67 = -3*u. Let i(x) = 7*x + 1. Let w be i(2). Suppose -w = -4*h + u. Is h a prime number?
True
Suppose 0 = 4*r + 5*o - 176, -r + 32 = o - 12. Suppose r = -4*m - 4. Is ((-2)/3)/(4/m) prime?
True
Suppose -q = 3*s - 572, -4*q + 2233 = -3*s + 4*s. Is q prime?
True
Suppose -q - 120 = -8. Let d = 161 + q. Let y = 116 - d. Is y a prime number?
True
Let p(k) = k**2 - k + 2. Let z be p(2). Suppose 5*s + 49 = 4*f, -2*f - 2*s - 3*s = 13. Is 160 - f*2/z composite?
False
Let v be (-6)/(-24) + 3491/4. Suppose -3*o + v = 3*m, -3*m + 355 + 223 = 2*o. Is o prime?
False
Suppose 356 = 2*c - 258. Is c a prime number?
True
Suppose -4*g = -3*m - 949, 3*g - 4*m - 503 = 214. Is g composite?
True
Is (-4)/1*(26502/(-24))/7 a composite number?
False
Suppose -2*p = 2*p + i - 12807, -i = 2*p - 6401. Is p prime?
True
Is (-9 + 4 - -6) + 4740 a composite number?
True
Suppose 2*c + 62 = 180. Is c a composite number?
False
Let a = -13 + 10. 